 = a - f. What is the greatest common factor of m and 4?
4
Suppose -71 - 17 = -4*m. Let k = -3002 - -3046. Calculate the highest common factor of k and m.
22
Suppose -16*d + 4907 + 5269 = 0. What is the greatest common factor of d and 6?
6
Let d(k) = -k**2 - 7*k - 10. Let m be d(-8). Suppose 4*p - 104 = 12. Let s = p + m. Calculate the highest common divisor of s and 44.
11
Suppose 0 = -3*v - r + 210, 0*v = -2*v + 2*r + 140. Calculate the highest common factor of 20 and v.
10
Let f = -15 - -9. Let s be 98*((-21)/f - 3). Calculate the highest common divisor of s and 7.
7
Suppose -47*l + 1430 = -403. Calculate the highest common factor of l and 169.
13
Let h(c) = -23*c - 38. Let b be h(-12). What is the greatest common divisor of 7 and b?
7
Suppose -57*x + 108 = -48*x. What is the highest common divisor of x and 3?
3
Suppose 1225 = 3*c + 301. Suppose -f = -2*f + c. What is the highest common factor of 44 and f?
44
Let m(i) = 5*i**2 - i + 12. Let t = -98 + 102. Let b be m(t). What is the greatest common divisor of 8 and b?
8
Suppose 12 = k - 2*t, k - 3*t = 1 + 13. What is the greatest common factor of k and 5?
1
Let p(r) = -r + 1. Let i be p(-1). Let v = -14 - -36. Suppose y = i*y - v. Calculate the greatest common divisor of y and 11.
11
Let n be ((-3)/3 - -6) + (-1273)/(-19). What is the greatest common factor of 900 and n?
36
Suppose -97*z + 99*z = 42. Let p be 1/(((-1)/(-9))/(6 - -1)). What is the greatest common divisor of z and p?
21
Suppose 2*y - 64 = 50. Let f be -1 + 174 - 2/1. Let h be f/18*1*4. Calculate the highest common factor of y and h.
19
Suppose 2*v - 22 = 3*g + 2*g, 0 = -4*v + 2*g + 28. Let r = -2125 - -2129. What is the highest common divisor of v and r?
2
Suppose 0 = -5*y - 6 - 74. Let v = y + 20. Suppose 5*c - v*f + 2*f = 628, 0 = -5*c - 3*f + 633. What is the highest common factor of 14 and c?
14
Suppose -y - 4*s = -17, 5*y + 11 = 3*s - 19. Let d(r) = -20*r - 36. Let x be d(y). What is the greatest common factor of 120 and x?
24
Let y be (-3 - -5)/((-2)/6). Let t be ((-3)/y)/((-2)/4). Let l = 13 + t. Calculate the highest common divisor of 8 and l.
4
Let x = -1489 + 1566. What is the highest common divisor of x and 539?
77
Suppose 0*r = 5*r. Suppose -p = -3*g - 23, g + 0 + 2 = r. Calculate the highest common divisor of p and 51.
17
Suppose -4*k + 4 = -128. Suppose -k = -7*o + 4*o. Suppose t + 29 = 4*p, -3*t = 2 - o. What is the highest common divisor of 24 and p?
8
Suppose 37*i - 30 = 155. What is the greatest common factor of 3 and i?
1
Let u = -763 - -1085. What is the greatest common divisor of u and 46?
46
Suppose 0 = 16*b - 13*b - 480. Let d = 133 + -69. What is the greatest common divisor of d and b?
32
Suppose 26960 + 6250 = 27*k. Calculate the highest common factor of k and 30.
30
Suppose r = -q, 3*q = -3*r - r - 4. Let t be (-146)/(-657) + -161*(-4)/18. Let d = t + r. What is the highest common factor of 8 and d?
8
Let v(q) = -13*q - 24. Let p be v(-3). Suppose -3*g + 24 = -p. Calculate the highest common divisor of g and 91.
13
Let d be (10/8)/(3/(-84)). Let j be 3/5 + (-84)/d. Suppose 0 = -3*t + 9 + 9. What is the highest common divisor of t and j?
3
Suppose 7*l - 2110 = -3*l. Let r = l + -141. Suppose 5*w + 60 = 5*h, 2 = 2*w - 2. Calculate the highest common divisor of r and h.
14
Let s = 2961 - 2926. Calculate the highest common divisor of s and 1715.
35
Suppose -5*b - 44 = 96. Let u = b + 53. Let a be 21/(-6)*80/(-28). What is the greatest common factor of u and a?
5
Suppose 0 = 5*u + 4*c - 355, -5*u + 4*c - 3*c + 380 = 0. Calculate the highest common factor of u and 300.
75
Let c = -280 - -284. Let j(n) be the second derivative of n**4/12 + n**3/2 + 2*n. Let p be j(-5). What is the greatest common divisor of p and c?
2
Let u(t) = -20*t + 82. Let d be u(4). Let h be 11 - (1 + 0/(-3)). Suppose -5*z + 2*g = -h, 1 = -3*z + 2*g + 7. Calculate the greatest common divisor of z and d.
2
Let u = 14 - -8. Suppose -25*p = -u*p - 126. Let a = -5 - -11. What is the greatest common factor of p and a?
6
Suppose 32 = 6*b - 310. What is the greatest common divisor of b and 95?
19
Suppose 3*v + 9 = 0, -2*j = 13*v - 12*v + 9. Suppose -t - 43 = 20. Let a be t*-1*(j + 4). Calculate the highest common factor of a and 7.
7
Let a(q) = -q**3 + 11*q**2 - 33*q + 85. Let c be a(8). What is the greatest common divisor of 793 and c?
13
Let n(c) = 6*c. Let q be 7/(2 - 15/10). Let j be n(q). What is the highest common divisor of j and 12?
12
Suppose 2*j - 1 = 3, -3*h - j = 10. Let i be (17 + -2 + 1 + 1)/1. Let r = i + h. What is the greatest common factor of 26 and r?
13
Let x be 6/(-4) - 159/(-6). Let q be (-3)/(-15) - (-45)/x. Suppose 3*w - 8 = w. Calculate the highest common factor of q and w.
2
Let j(x) = -3*x**2 + 19*x + 6. Let i be 9/(-2 - 4/16*-14). Let t be j(i). What is the highest common factor of 24 and t?
12
Let i = 36 + 24. Suppose i = w + 4*w. Let f(p) = 23*p + 4. Let a be f(4). What is the highest common divisor of a and w?
12
Let k = -283 + 290. Calculate the greatest common factor of 70 and k.
7
Let t be 2/(-3) - 11/33. Let z be (1 - 5)/2*t. Suppose -z*x + 2*q = -0*x - 140, x + 4*q = 80. What is the greatest common divisor of x and 8?
8
Let l be (-21 - -41)*(-12)/(-20). Calculate the greatest common divisor of l and 39.
3
Let g be (-291)/(-2) + 2/(-4). Let l be -1*(-2 + -1 - (-43 + 69)). Suppose k - 5*d - l = 33, 2*k = 3*d + g. Calculate the highest common factor of k and 7.
7
Let s = 3 - -5. Suppose 9*m - 14 = 2*y + 4*m, 2*y - 18 = -3*m. Let j be 5/(60/8)*y. Calculate the highest common factor of s and j.
2
Let f be 1/(17/(-4) + 4) + 79. Suppose 3*s = -5*k + 156, -3*k = -2*s - 0*s - 86. Calculate the highest common divisor of k and f.
15
Let x(k) = -4*k + 50. Let v be x(10). Suppose -60 = -3*r - r. Calculate the highest common divisor of r and v.
5
Let j(g) = g**2 - 11*g - 6. Let u be j(6). Let b = u - -75. What is the highest common factor of 13 and b?
13
Suppose 0 = 4*x + 20, -1590 = -9*m + 4*m - 2*x. Calculate the highest common factor of 20 and m.
20
Suppose 2*b - 904 = -78. What is the greatest common factor of 118 and b?
59
Suppose -2*t + 8*i + 29 = 3*i, 0 = -5*t - 3*i + 26. Suppose 0 = -t*m + 92 + 27. What is the highest common divisor of m and 153?
17
Let q(b) = -b**3 - 6*b**2 - 5*b - 8. Let h be q(-5). Let z(f) = -5*f - 10. Let t be z(h). Calculate the highest common factor of 5 and t.
5
Suppose -4*p + 2*p - k + 17 = 0, p - 3*k = -2. Calculate the greatest common divisor of 224 and p.
7
Suppose -102 = -5*w - 3*z, -5*z + 27 - 11 = w. What is the highest common factor of 448 and w?
7
Suppose 9*o - 193 + 121 = 0. What is the highest common factor of o and 136?
8
Let o be -3*(496/12)/(-4). Calculate the greatest common factor of 93 and o.
31
Suppose 36*f - 330 = 282. What is the greatest common factor of 3 and f?
1
Suppose 0 = -4*o + 8*o. Let j = -8 + o. Let x = 9 + j. What is the highest common divisor of 7 and x?
1
Let b = 8 - 3. Suppose 0 = 5*x + b*y - 25, x + 0*x + 1 = y. Suppose 2*m + x*m = 8. What is the highest common divisor of m and 3?
1
Let w be (114/4)/(3393/(-180) + 19). Suppose 0 = m + 5*h - 23, 5*m = 3*h + h + 202. Calculate the greatest common factor of w and m.
38
Let o be 8 + 6*(-1)/2. Suppose 2*i = -2*p + 116, -17 = p + o*i - 95. Suppose -17 = -2*v + p. What is the highest common factor of 14 and v?
7
Let k(o) = 6*o**2 + 2*o + 21. Let c be k(5). Let r be 1 + -1 - (-6 + -1). Suppose -c - 141 = -r*m. What is the greatest common divisor of m and 69?
23
Let r = -1284 - -1294. What is the highest common factor of 890 and r?
10
Suppose 6 = -5*t - 4, -3*g + 4 = -2*t. Suppose -5*n - 20 = g, 3*h - 7*n + 2*n - 125 = 0. What is the highest common factor of h and 7?
7
Suppose -14*n = -15*n + 6. Let x be 2/n - 86/6. Let g = x - -25. Calculate the highest common divisor of g and 88.
11
Suppose 44*t - 5527 = -1611. Calculate the greatest common divisor of 89 and t.
89
Suppose -4*q = -141 - 323. Let o = 17 - -273. Calculate the highest common divisor of o and q.
58
Suppose -9*f + 2232 = -0*f. What is the greatest common divisor of f and 62?
62
Suppose -2*v = v. Suppose v = -4*g - q - 0*q + 389, q = 4*g - 387. Let d = g + -69. Calculate the greatest common factor of d and 252.
28
Let i(m) = 574*m**2 - 24*m - 22.